late 238 - 289 - (-13 + 66) - (-1 - -3).
-106
Evaluate 215 - 212 - ((1 - 5) + 3 - -3) - 45.
-44
0 - 21 - (6836 - 6815)
-42
-13 + ((-1 - 7 - 9) + -2 + 0 - -9)
-23
Evaluate (8 - -4) + (-35 - (-2 - 32)).
11
(5 + -5 - (-1 + 68)) + (-46 + -6 - -60)
-59
What is -1 + (2 - 1 - 11) - ((-159 - -122) + 24)?
2
What is 75 - 54 - (133 + (19 - (2 + 4)))?
-125
Evaluate -1022 + 1013 + 4 + -9.
-14
-54 - (80 - 174) - (-1 + -9)
50
What is (-3 + -9 - 12) + 17 - 39?
-46
Evaluate (-7 - -12) + 83 + 24 + -27.
85
Calculate (89 - 0) + -75 + 15.
29
(-89 - -238) + -187 - (2 - 125)
85
4 + -6 + -2 + -10 + (-3 - 42)
-59
Calculate -30 - 12 - -44 - -10.
12
Calculate -18 - -22 - (0 + (11 - 23) + (8 - -1)).
7
Calculate 40 - (-16 + 24 + 15 - 26).
43
(133 - (48 + 104)) + (1 - -132)
114
-100 + 97 + -132 + 142
7
What is (3608 - 3568) + -1 + -2 + -1 + 0?
36
Evaluate 0 - -19 - (75 - 47 - -4) - -32.
19
What is 2 - (3 + (29 + -36 - (-15 - -3)) + -1)?
-5
Evaluate 3 - 9 - (1 + -1 + -41 + 24 + 5).
6
95 + (-108 - -94) + 14
95
21 - ((-43 - -64) + -50)
50
Evaluate -27 - (36 - (32 - 30 - 8)).
-69
12590 - 12614 - (-89 - 0)
65
What is the value of -9 + 3 - (-20 - (-95 - -74) - (0 + 11))?
4
Evaluate 17 + 28 + -23 + -39 - -85.
68
What is the value of -68 - (6 + 71 - 117)?
-28
What is the value of 62 - 92 - 3 - -55?
22
Evaluate 38 + (1 - 1) + -36 + (46 - -7).
55
Evaluate -11 - (-7 - (-14 + 22)) - (-21 + -3).
28
Evaluate -5 + 79 + (-46 - -79 - 58).
49
What is -143 + 4 - (1098 - 1177)?
-60
What is the value of 110 + (39 + (20 - 91) - -11)?
89
What is -58 - (88 + -275 - -144)?
-15
2 + 5 + 1 - (595 + -628 + -14 + -4)
59
46 - (278 + -287) - (1 - -2 - 2)
54
What is the value of (-54 - 1) + (-121 - -39) + 95?
-42
Calculate 16 - (6 + 6 + -3 + -21).
28
What is -11 + (30 - 30 - 88)?
-99
What is the value of (-76 - (91 - -17)) + 84?
-100
24 + (22 - 42) + -15 + 73
62
(-5 - 10) + 9 + 70 + 11 + -27
48
Evaluate 28 + 4 + (-10 - ((15 - 3) + -26)).
36
What is the value of (2 + 4 + -1 - 2) + (4 - 6) - 53?
-52
What is the value of -13 + (-56 - -24) - -25?
-20
Evaluate (32 + -11 + -29 - -26) + -12 + 4.
10
Calculate 12 + -60 + 19 + 15 + (2 - -98).
86
What is the value of (2 + -3 - -133) + (-1484 - -1439)?
87
Evaluate (29 - 2 - (-109 + 60 + 33)) + (-14 - 1).
28
What is (-7 - -3) + -47 + 29 - -4?
-18
Evaluate 2 - 8 - (17 - (8 - -5 - 1)) - 1.
-12
What is the value of -1 + 1 + 13 + (-1473 - -1465) + -52 + 2?
-45
-2 - ((1 + (-2 - 48) - -12) + 3)
32
(-99 - (16 - 59)) + 66
10
Evaluate 2 + 4 - (-165 + 83 + 96).
-8
Calculate -2 - (-2 + 0) - (-1846 + 1768).
78
What is the value of -7 - -1 - (59 - 24 - 32) - 0?
-9
What is 1 + (14 - (27 - 2)) + -3?
-13
33 - (-5 + (19 - 2) + -33)
54
What is the value of 97 + -78 + (0 - 28)?
-9
What is the value of -13 + 73 + -90 + 24?
-6
Calculate (-25 + 36 - 20) + 11 - 26.
-24
Calculate -38 - -66 - -67 - 100.
-5
What is the value of (63 - (-9 + 0 - (-19 - 1) - 12)) + -3?
61
Calculate (1 - 28) + (-42 - -4 - -41).
-24
86 - (-31 + -62 + 144)
35
Calculate (1 + 5 - 14) + -31 - (-10 + -2).
-27
Calculate 0 - 115 - (36 + -15 + 7 - (78 - 48)).
-113
-3 - ((2 - 38) + 1 - (-567 - -555))
20
Evaluate (-68 - (47 - 100) - (91 + 1)) + 2 + 10.
-95
Calculate -51 + 50 - 18 - (-2 + -16).
-1
What is 48 + (-9 - -32) - 92?
-21
What is 86 + (-44 - -55 - (-8 + 29 - (0 - 1)))?
75
Calculate 41 + -61 - -16 - -5.
1
Calculate (18 - 19) + 7 + -21 - 10.
-25
What is (-61 - (47 - 37)) + 7?
-64
Evaluate 1 + -1 + (-7 + 0 - 7) - (-2134 + 2054).
66
Evaluate -59 + 6 - (5 + 0 - (-11 - (-1 - 23))).
-45
Evaluate (9 - 2) + -3 + (29 - (-33 - -79)).
-13
Calculate (-44 + 46 - -3) + (-16 - -1) + 3.
-7
Calculate (17 - -26) + -20 + (7 - (-8 + (5 - -2))).
31
Evaluate (7 + 57 - 12) + 2 + -7 + -9.
38
What is the value of -185 - (-391 - -208) - (9 + -1)?
-10
Evaluate (2 - (-68 - 1)) + (-25 - -30) + 3 + -6.
73
22232 + -22206 + (-9 - 1) + (-3 - -5)
18
What is the value of (6 - (23 - 12 - 15 - -11)) + 2 + -73?
-72
98 + (18 + -18 - 76)
22
What is 224 - 212 - ((1 - 7 - 4) + 2)?
20
What is the value of 105 + (2 + -13 - (74 - 83) - 18)?
85
Calculate 62 + -53 - ((-2 - 5) + 3 - 8).
21
What is (-42 - (-10 + -2)) + -8?
-38
What is -24 + (458 - 408 - (-1 - 34))?
61
What is (-247 - -48 - -132) + -47?
-114
(-24 - 0) + (10 - (-28 + -21 + 46))
-11
What is -40 - (3 + -23 + 4 + (160 - 153))?
-31
-13 - (-225 + 93 - (2 - 29 - -2))
94
What is the value of -180 - (-61 + 82 + -127)?
-74
What is 17 + -62 - (237 - 231)?
-51
What is the value of 453 + -454 + (-2 - (4 + -1 - -104))?
-110
What is -36 + 57 + 27 + -65?
-17
Evaluate (-23 - -53 - -74) + -213.
-109
What is 93 + -164 + 80 + (-27 + -2 - -1)?
-19
Calculate -21 + -10 + 4 + (165 - 114).
24
What is the value of (88 + -171 - 12) + 74?
-21
Calculate (11 - -14) + 77 + -30 + -6.
66
What is the value of (101 + -58 - 38) + 15?
20
Evaluate -12 + (8 - (-29 - -30 - -12)).
-17
-29 + (-34 - (11 + -32))
-42
-50 + 11 + -28 + 36 + 9
-22
776 + -765 - (0 - 3)
14
-16 - ((-108 - 116) + 106)
102
Evaluate 7 - (5 + 1 + 11 + -14 + -5).
9
What is 0 - 3 - (1 + (-81 - -59))?
18
What is -5 - (128 - ((17 - -21) + 0))?
-95
Evaluate -109 - (-19 - 69) - -60.
39
Evaluate (8 - 6 - 42) + -13 - (-5 + 6 - 6).
-48
-29 + 89 - (281 - 137)
-84
Evaluate 1293 + -1379 - (-1 + -18).
-67
Evaluate 46 - (-70 - (-27 - 71)).
18
Evaluate -3 - (62 + -32 + -70 - 14).
51
What is 109 - (4 - 3 - (-4 + -13 - -10 - 5))?
96
Calculate 10 + -118 + -36 + 91.
-53
What is the value of 0 + 19 - (94 + -17 + -60)?
2
Evaluate 103 + -104 + -6 + -2 + 54.
45
What is the value of 0 - 16 - (-9 + -134 - -149)?
-22
Evaluate 39 + (16 - 15) + (-1 - -5 - -2).
46
-36 + 72 + -5 + -1
30
What is -1 + -18 + 19 - -10 - 7?
3
15 + 36 + -132 + (-4 + (3 - 4) - 0)
-86
What is the value of (26 - 11) + (25 - 17) + (1 - 39) + 3?
-12
What is 3 + (-19 - (-41 - -49))?
-24
What is (562 - 559) + (1 + 2 - (-8 - -9)) + 53?
58
What is the value of 6 - (-19 + 16 + 35 - 22)?
-4
Evaluate (73 - (-78 - -130)) + -7 + (2 - (-1 + 104)).
-87
Calculate (25 - 11) + (14 - (13 - -11)).
4
Calculate 13 + 3 + -26 + 152 + -191.
-49
What is -42 + 1 + (78 - -159) + -201?
-5
Calculate 66 - (2368 + -2389 + 1 + 40).
46
Evaluate 255 + -124 + -114 - (1 + -1 - 45).
62
Calculate (45 - (-39 + 78 + 1)) + 1 + -41.
-35
(2 - 2 - (7 - 5)) + -60 + -32 + 34
-60
-33 + (-74 - -90 - -37)
20
Evaluate -8 + (14 - (-24 + 38 - 37)).
29
-88 + 223 + -53 + -26
56
Calculate 1 + 107 + -54 - 106.
-52
Evaluate 120 + -81 - 37 - (1 + (-2 - 20)).
23
What is the value of (-2 - (2 - (10 - -1))) + -341 + 128 + 116?
-90
What is -5 - (5 + 0 + -7 - (-5 + -3 - -16))?
5
Evaluate -4 + (26 - (-33 - -56)) - (-6 + -1 + 0).
6
Calculate 2 + -53 - (24 - 84).
9
(-38 + -45 - (11 + -25)) + -1 + 3
-67
What is the value of -67 + 50 - -18 - (-40 - -23)?
18
32 + -73 - -2 - 8
-47
5 + (8 - (-3 - 15)) + -10
21
What is 17 + 86 + -128 - (0 + 2 - (17 - 21))?
-31
What is the value of 9 + -2 + -51 + -21 + 67 + 121?
123
What is 12 + 0 - (21 + 126 + -107)?
-28
(41 - (-9 - -48)) + -55
-53
What is the value of -8 + 1 + 338 + -330?
1
54 + -17 + (-12 - -15) + -22
18
What is 0 + (4 - 5) - (114 - (54 + -13))?
-74
129 - ((3 - -5) + -16 + -8 + 10 - 3)
138
What is -2 + 8 - (0 + (-64 - (14 - 15)) + -10)?
79
Evaluate -46 - (-6 - -35 - 94).
19
What is the value of -3 - (9 - -11 - -20)?
-43
What is -201 + -51 + (226 - 79)?
-105
Calculate -3 + 59 + (12 - (0 + 18) - 2).
48
59 - ((-52 - -38) + 116)
-43
What is the value of 8 + (-25 - -24) - (14 - (0 - 4))?
-11
What is the value of 93 + 1 + (-28 + (17 - 19) - -24) + 9?
97
46 + (-4 - 2) + (6 - 3 - 7)
36
What is the value of 19 - 16 - 24 - -9 - (-8 - 1)?
-3
Evaluate (59 - 32) + -68 - -56.
15
(-3 - (2 - -6 - (-43 - -12))) + (-12 - -10)
-44
What is the value of (94 + -32 - 188) + 55?
-71
Evaluate 170 - 170 - (0 + 4) - 9 - -9.
-4
Evaluate -395 + 414 + 10 + -53.
-24
Calculate -4 + 5 + 0 + -102 + -2826 + 2833.
-94
-22 + (-5 - -12 - -31) + -82 + 2
-64
Calculate 27 + (5 + 22 - 48).
6
Evaluate (18 + -110 - -86) + (-4 - -23).
13
Calculate 36 - (65 - 55 - 36).
62
What is the value of -23 + 21 + 49 + -86?
-39
-55 - (-5 - (8 + (3 - (32 - 6) - -10)))
-55
Evaluate 1 + 0 + (-3 - -1) - (78 - (-42 - -75)).
-46
What is the value of (19 - 6 - 10) + 12 + -21?
-6
Calculate (40 - 37 - (1 + -16)) + (-1299 - -1227).
-54
1 - 12 - (112 + -104 + 32)
-51
What is the value of (10 + -17 - (-2 +